**2 + 13*b. Let l be p(s). List the prime factors of 170/7 + (-2)/l.
2, 3
Let z(t) = -6*t - 20. Let x be z(-4). Let s be 19/76 - (-27)/x. Suppose 0 = -s*r + 1639 - 386. What are the prime factors of r?
179
List the prime factors of (-11)/(11/(-6717))*(-14)/(-21).
2, 2239
What are the prime factors of (-13)/819*-27 + (-2076672)/(-42)?
5, 11, 29, 31
Suppose 253860 = 29*q - 9402. What are the prime factors of q?
2, 3, 17, 89
Suppose 2*f = -0*t - 2*t + 20, -f = -5. Suppose q + t*k = 6, -54 = -4*q - 16*k + 11*k. What are the prime factors of q?
2
Let w(f) = -11*f + 4. Let t be w(-2). Let r = t + -22. Suppose r*c - 102 = 102. What are the prime factors of c?
3, 17
Let w(q) = 8*q + 7. Let z(b) = b**2 - 18*b + 75. Let c be z(14). What are the prime factors of w(c)?
3, 53
Suppose 4*a - 2*y - 29612 = 0, -4*y + 15689 + 13887 = 4*a. What are the prime factors of a?
2, 5, 37
Suppose 259*u = 263*u + 4*f - 33052, 5*u - 41335 = 5*f. What are the prime factors of u?
3, 5, 19, 29
Suppose -6*f + 184 = 76. Let v(j) = 30*j + 50. List the prime factors of v(f).
2, 5, 59
Let d be 456 - -3*(0 + 1/(-3)). Let k = d + -95. What are the prime factors of k?
2, 3, 5
Let b(a) = a**2 + 15*a - 49. Let p be b(10). Suppose -36*i + p = -35*i. List the prime factors of i.
3, 67
Let b(a) = a + 7. Let h be b(8). Suppose -h*x + 14*x = -44. Let u = x + -14. What are the prime factors of u?
2, 3, 5
Suppose 135*i - 609705 + 694413 = 2368773. What are the prime factors of i?
7, 2417
Suppose -8791 = -h - 2*m, 58*m = 63*m - 25. What are the prime factors of h?
3, 2927
Let z(j) = j**2 + 10*j. Let p be z(7). Let d = p - 94. Suppose -7*a + d + 59 = 0. List the prime factors of a.
2, 3
Let b = -11235 + 22911. List the prime factors of b.
2, 3, 7, 139
Let n(j) = -89 + 14*j + 5*j + 3 + 51*j. List the prime factors of n(4).
2, 97
Suppose q = -16*o + 13*o + 3700, 2*q + 4920 = 4*o. Let p = o + -288. What are the prime factors of p?
2, 59
Let n(q) = 3*q**3 - 10*q + 13. Let m be n(5). List the prime factors of (m - -13) + (2 - 0).
353
Suppose -24*j + 109 + 323 = 0. Suppose j*b - 26*b = -848. List the prime factors of b.
2, 53
Suppose 0 = -4*o + 10 + 42. Let q = o - 6. List the prime factors of (q - 7) + 2*5.
2, 5
Let f = -253 + 167. Let n = 116 - f. What are the prime factors of n?
2, 101
Suppose -8*l - 64 = -824. Let h be (l - -4)/(-2*3/(-6)). Suppose -3*s + 186 = -h. What are the prime factors of s?
5, 19
Let u(j) be the third derivative of -j**6/60 - 23*j**5/60 - 43*j**4/24 - 29*j**3/6 + 4*j**2 - 36*j. What are the prime factors of u(-13)?
17, 61
Let p(b) = 5*b**2 - 3*b - 16. Let h be p(-6). Let d = 513 - h. What are the prime factors of d?
331
Let o(r) = 2*r**2 - 3*r - 60. Let g be o(20). Let m = -359 + g. List the prime factors of m.
3, 107
Suppose -316 = -3*t + 338. Suppose -572 = -2*v + t. What are the prime factors of v?
5, 79
Let m = 199 - -241. List the prime factors of 39/(-4)*(m/(-3))/2.
5, 11, 13
Let g be -8*(18/(-52) - 12/78). Suppose g*v - 2503 = -1023. What are the prime factors of v?
2, 5, 37
Let k = 135779 + -81495. What are the prime factors of k?
2, 41, 331
Suppose 0 = 2*i - 4*h + 12, 0 = 4*i + h - 5 + 20. Let q(j) = 54*j**2 - 2*j + 5. What are the prime factors of q(i)?
877
Let w(u) = -2*u + 3*u - 2 - 11 + 28*u. List the prime factors of w(5).
2, 3, 11
Let a(i) = i**2 + 1. Let m be a(-4). Suppose 16*k - m*k = -3. Suppose -o + 3*p + 114 - 16 = 0, -4*o + 362 = k*p. What are the prime factors of o?
2, 23
Suppose -101*t - 8 = -97*t, 2*t = 4*n - 63856. What are the prime factors of n?
3, 17, 313
Let z(k) = k**3 - 7*k**2 - 11*k - 30. Let j(a) = -2*a**2 - 24*a - 9. Let c be j(-11). Let u be z(c). Suppose -5*t + u = 76. List the prime factors of t.
3, 17
Let q(m) = -1500*m + 1150. List the prime factors of q(-37).
2, 5, 11, 103
Let z(g) = -g**3 - 12*g**2. Let u be z(-12). Suppose u = -5*a - 5*b + 48 + 32, -3*b + 6 = 0. List the prime factors of 0 + 7/(a/18).
3
Let n = -2926 + 5257. What are the prime factors of n?
3, 7, 37
Suppose 6*m + 984 + 420 = 0. Let u be 4/(-3)*m*5/4. Suppose -5*n + u = 5*f, -5*n = -f - 0*f + 60. What are the prime factors of f?
3, 5
List the prime factors of 0 + 0 + -5 + 16807.
2, 31, 271
Suppose 11244 + 3760 = 6*d - 13736. What are the prime factors of d?
2, 5, 479
Let w = -30 - -27. Let k be -4*w/(-15)*-5. Suppose -4*v + 5*d = -123, -3*d - 143 = -k*v - 2*d. List the prime factors of v.
37
Let o = 1947 + -931. List the prime factors of 20/(-110) - o/(-22).
2, 23
Let l(i) = 305*i + 2364. What are the prime factors of l(32)?
2, 7, 433
Let a(v) = -3*v**3 - 7*v**2 - v - 16. Let u be a(-5). List the prime factors of (10044/u)/(1/7).
2, 3, 31
Let u(w) = -355*w - 3098. List the prime factors of u(-60).
2, 19, 479
Let r(m) = m**2 - 8*m + 20. Let x(n) be the first derivative of -n**3/3 - 4*n**2 - 3*n + 35. Let q be x(-3). What are the prime factors of r(q)?
2, 17
Suppose -4*n + 5*z = -888, -4*z + 3*z = -2*n + 444. Let b = -218 + n. What are the prime factors of b?
2
Let f(c) = 6*c**2 + 79*c + 327. What are the prime factors of f(51)?
2, 3, 1109
Let u(g) = 7*g + 4. Let k(h) = -13*h - 7. Let a(r) = 6*k(r) + 10*u(r). Let x be a(-4). What are the prime factors of ((-2)/x + 15/(-25))*-300?
2, 5
Suppose 13*o - 16*o + 8823 = 4*n, -o + 3*n = -2941. What are the prime factors of o?
17, 173
Suppose 2*f + 4*s - 59192 = 0, f - 3*s - 17073 = 12508. What are the prime factors of f?
2, 5, 11, 269
Suppose -287*w = -296*w - 5859. List the prime factors of w/(-1) + 24 + -30.
3, 5, 43
Suppose 0 = 33*d - 30*d. Suppose 2*z - 17*z + 4260 = d. List the prime factors of z.
2, 71
Let k be (-24 + 51)/(-2 - 86/(-40)). Let w = k - 18. Suppose 0 = 5*m - 20, -w = -2*j - 0*m + 5*m. List the prime factors of j.
7, 13
Let t = 5636 - 3134. What are the prime factors of t?
2, 3, 139
Suppose -10343 = 2*a - 27703. What are the prime factors of a?
2, 5, 7, 31
Let p = -7 + 17. Suppose 0 = -3*i + p*i - 105. List the prime factors of i/45*(-1 + 367).
2, 61
Let d(k) = -389*k - 22. Let y = 550 - 552. List the prime factors of d(y).
2, 3, 7
Suppose 4*s + 32 = -556. List the prime factors of 7972/14 - 7/(s/(-9)).
569
Let t(a) = -51*a**2 - 30*a + 29. Let s be t(1). Let o = -67 + 142. Let j = s + o. List the prime factors of j.
23
Let w = -113 - -71. Let z = 245 + w. Suppose 148 = 3*m - z. What are the prime factors of m?
3, 13
Suppose -10586 = -s - 4*m, -3*m + 6 = -12. List the prime factors of s.
2, 5281
Suppose -229 = -72*g + 635. List the prime factors of 3 - (-26)/(-8) - (-17451)/g.
2, 727
Let c = 2 - 1. Let l be 175 + (3 - 6)*c. Suppose -4*s + m + l = -2*s, m = -4*s + 338. List the prime factors of s.
5, 17
Suppose 0*u = 18*u - 2682. Let g = 491 - u. What are the prime factors of g?
2, 3, 19
Suppose 10*k = 12*k + o - 31, 5*o = -4*k + 47. Let x(g) = 7*g**2 - 28*g + 89. List the prime factors of x(k).
17, 109
Suppose 1 = -3*d + o - 6, 3*d + 9 = 3*o. Let f(t) = t**3 + 4*t**2 + 6*t + 3. Let h be f(d). What are the prime factors of -1 - h - (-66 + 5)?
61
Let i(x) = 44*x**2 - 8*x + 11. Let r be i(-7). Suppose -4*z + 2*j + 2942 = 0, -r = -3*z - 3*j - j. Suppose 22 = -5*s + z. What are the prime factors of s?
11, 13
Let b be 0/(-3 + 4 - 2) - 51. Let t = b - -441. What are the prime factors of t?
2, 3, 5, 13
Suppose 38*n - 63356 = 10782. What are the prime factors of n?
1951
Suppose 0 = 16*a + 3311 + 945. Let z = a + 511. List the prime factors of z.
5, 7
Let v be (-6)/(-3 - -5)*2. Let l be 2*((-15)/v + -3). What are the prime factors of ((-98)/(1 - l))/(3/(-12))?
2, 7
Let w = -88 + 88. Suppose w = 3*r + 5*h + 14, -5*r + 2*h = -9 - 9. List the prime factors of (-1)/((-8)/(-32))*(0 - r).
2
Suppose 4*g + 10094 = 6*p - 4*p, 5*p - 25223 = 4*g. List the prime factors of p.
3, 41
Suppose -4*v + 13531 = 5*x, -2705 = -40*x + 39*x - 2*v. Suppose 1129 = 5*n + 4*h - x, n - 770 = 2*h. List the prime factors of n.
2, 3
Let u = -100 + 184. Let s(i) = i**2 - 5*i - 72. Let o be s(10). Let f = u + o. What are the prime factors of f?
2, 31
What are the prime factors of (((-438160)/15)/(-4))/(-16 + (-2628)/(-162))?
2, 3, 5477
Suppose -24*p - 167952 + 206551 = -994433. What are the prime factors of p?
7, 11, 13, 43
Suppose 57 = -12*s - 567. List the prime factors of (s/(-8))/(-4 - 41/(-10)).
5, 13
Suppose -56*q + 1023938 = 45*q. List 